Is 19717141 a composite number?
True
Is 15021553 a prime number?
False
Is 7075807 composite?
False
Is 1478926 composite?
True
Is 86968733 a composite number?
True
Is 11896711 a composite number?
True
Is 15861919 a prime number?
False
Is 22037315 composite?
True
Is 52310251 a composite number?
True
Is 141000731 composite?
False
Is 934471 a composite number?
True
Is 20539033 a prime number?
False
Is 49250579 composite?
True
Is 121288019 a composite number?
True
Is 27511987 a prime number?
False
Is 22405027 a prime number?
True
Is 49987253 composite?
False
Is 8459989 a prime number?
False
Is 8880091 composite?
True
Is 34757993 composite?
True
Is 234517 prime?
False
Is 84869 a prime number?
True
Is 214581 composite?
True
Is 248519 a prime number?
False
Is 65353413 composite?
True
Is 96821 prime?
True
Is 126970429 prime?
False
Is 250253 a composite number?
False
Is 69128279 prime?
False
Is 595247 prime?
True
Is 795727 a prime number?
True
Is 16973423 composite?
True
Is 466777 composite?
False
Is 38950231 a prime number?
False
Is 59752727 a prime number?
True
Is 675167 prime?
False
Is 12888121 a prime number?
True
Is 16086659 composite?
True
Is 15094526 a prime number?
False
Is 323296991 composite?
False
Is 181157399 prime?
True
Is 15293273 a prime number?
True
Is 1692679 a prime number?
True
Is 416884766 a composite number?
True
Is 93306667 prime?
True
Is 2827139 composite?
True
Is 169027 prime?
False
Is 707771309 composite?
True
Is 28203827 a prime number?
False
Is 14752321 prime?
True
Is 17577707 prime?
False
Is 22433123 a composite number?
False
Is 42188563 a prime number?
False
Is 893567 prime?
True
Is 32084911 a prime number?
False
Is 64317989 a composite number?
False
Is 129952363 composite?
True
Is 5255843 a composite number?
False
Is 177247835 a composite number?
True
Is 539173 a composite number?
True
Is 165057791 a prime number?
True
Is 3522737 a prime number?
True
Is 3036077 composite?
True
Is 30420161 a prime number?
True
Is 180757979 a prime number?
True
Is 174002701 prime?
False
Is 34706917 a prime number?
False
Is 27808103 a composite number?
False
Is 890147 composite?
False
Is 21240511 composite?
False
Is 16223113 a composite number?
True
Is 2412583 prime?
False
Is 46304339 a prime number?
True
Is 17264785 prime?
False
Is 36471277 composite?
False
Is 1310832803 composite?
True
Is 8439245 a composite number?
True
Is 225880567 a composite number?
True
Is 188291849 composite?
True
Is 3311435 a prime number?
False
Is 32733809 composite?
False
Is 5978545 composite?
True
Is 548703547 prime?
False
Is 5628737 a prime number?
False
Is 13400537 prime?
False
Is 7664974 a composite number?
True
Is 14776571 composite?
False
Is 9576313 prime?
True
Is 219387569 a composite number?
False
Is 2483665 prime?
False
Is 17451023 a composite number?
False
Is 45055715 a composite number?
True
Is 1784107 a prime number?
False
Is 85872191 composite?
True
Is 1209618863 prime?
False
Is 91489 a composite number?
True
Is 1693249 composite?
False
Is 171656113 prime?
True
Is 923017 composite?
False
Is 9061747 composite?
True
Is 132086843 prime?
False
Is 478267 composite?
True
Is 2596021 composite?
False
Is 19822531 prime?
True
Is 89135671 a prime number?
False
Is 164073289 a prime number?
True
Is 1974353 prime?
True
Is 1487782 a prime number?
False
Is 78823721 composite?
True
Is 35946713 a prime number?
False
Is 50383759 a composite number?
True
Is 476675653 composite?
False
Is 529541 prime?
False
Is 2463733 a composite number?
True
Is 34006033 prime?
True
Is 5670463 a prime number?
False
Is 137534 prime?
False
Is 5494073 prime?
False
Is 1372027 a prime number?
True
Is 3054741 composite?
True
Is 1618979 a composite number?
False
Is 241999841 a composite number?
True
Is 30338219 a composite number?
True
Is 224170447 a prime number?
False
Is 11086591 a prime number?
False
Is 4225823 a prime number?
False
Is 16626031 a composite number?
False
Is 414503 composite?
False
Is 33385133 a composite number?
True
Is 1625159 prime?
False
Is 70069079 prime?
False
Is 398410469 a prime number?
True
Is 7794737 a prime number?
True
Is 12804191 a composite number?
False
Is 45430409 prime?
False
Is 57949909 prime?
False
Is 43067653 a composite number?
False
Is 17395769 a prime number?
True
Is 150152609 a prime number?
False
Is 1678477 a composite number?
True
Is 8729411 prime?
True
Is 321844171 composite?
True
Is 225150301 composite?
True
Is 3658049 a composite number?
False
Is 10514927 a composite number?
False
Is 87191473 a composite number?
False
Is 17343527 a composite number?
False
Is 53392397 a composite number?
True
Is 18420287 prime?
False
Is 39860329 prime?
True
Is 8038061 prime?
True
Is 2094139 composite?
False
Is 5094863 composite?
True
Is 44513759 a composite number?
False
Is 6077551 a prime number?
False
Is 128933458 prime?
False
Is 4486877 prime?
True
Is 476176633 a composite number?
False
Is 3594707 composite?
False
Is 45238441 a prime number?
True
Is 8851307 prime?
True
Is 10617119 a composite number?
True
Is 48824241 composite?
True
Is 2938951 a composite number?
False
Is 556358447 composite?
False
Is 2226197 a composite number?
False
Is 13219813 prime?
True
Is 2785741 prime?
False
Is 393330101 composite?
False
Is 912063 composite?
True
Is 167529757 prime?
True
Is 2506217 composite?
True
Is 1600973 prime?
False
Is 20592199 composite?
True
Is 2364155 prime?
False
Is 526229057 a composite number?
False
Is 484507729 prime?
False
Is 218318 prime?
False
Is 13804103 composite?
False
Is 300927109 a prime number?
False
Is 4922429 prime?
False
Is 83015 prime?
False
Is 5328919 prime?
False
Is 56305829 a composite number?
False
Is 16794449 a prime number?
False
Is 28338833 composite?
False
Is 844001 composite?
False
Is 6159577 a composite number?
False
Is 58190831 composite?
False
Is 4651573 a prime number?
False
Is 2471507 composite?
False
Is 26136949 prime?
False
Is 229603 prime?
False
Is 371999 a composite number?
False
Is 797273 a prime number?
True
Is 842899 prime?
False
Is 4334651 a composite number?
True
Is 1277011 composite?
False
Is 6939413 prime?
False
Is 404941 composite?
False
Is 1494827 a composite number?
True
Is 7318601 prime?
True
Is 428471 a composite number?
False
Is 377771 a prime number?
True
Is 2056609 composite?
True
Is 28163995 composite?
True
Is 16716109 a composite number?
False
Is 5468191 composite?
True
Is 596417 a prime number?
False
Is 166206199 a prime number?
True
Is 13826191 a prime number?
False
Is 13951501 composite?
True
Is 226710863 a composite number?
True
Is 4790827 a composite number?
False
Is 31572511 a composite number?
False
Is 8354759 a prime number?
False
Is 73187291 a composite number?
False
Is 27636529 prime?
False
Is 7510357 a composite number?
False
Is 20662951 composite?
True
Is 1585823 a composite number?
True
Is 28565393 composite?
True
Is 22515913 a composite number?
True
Is 65366597 prime?
True
Is 126677 a composite number?
True
Is 133072423 a composite number?
True
Is 99252071 a prime number?
True
Is 106418701 a prime number?
False
Is 36709781 prime?
True
Is 6670739 a composite number?
True
Is 36689011 a composite number?
True
Is 168671743 a prime number?
False
Is 4328351 a composite number?
True
Is 951659 a composite number?
False
Is 65845781 composite?
True
Is 5032487 a composite number?
False
Is 7849463 a prime number?
False
Is 3473879 composite?
True
Is 13644473 composite?
False
Is 9570089 composite?
False
Is 30846619 prime?
False
Is 29026697 prime?
False
Is 11663726 prime?
False
Is 5966511 composite?
True
Is 3301527 prime?
False
Is 92515519 a composite number?
False
Is 93395221 prime?
True
Is 5451817 composite?
True
Is 10452373 prime?
False
Is 13557001 a composite number?
True
Is 147409469 composite?
True
Is 1964422 a prime number?
False
Is 10722109 a prime number?
True
Is 6663227 a composite number?
False
Is 204759211 composite?
False
Is 85321 composite?
True
Is 78929817 composite?
True
Is 93097 a prime number?
True
Is 2233351 a composite number?
True
Is 13309817 a composite number?
False
Is 89315821 prime?
False
Is 20715253 prime?
False
Is 24285613 composite?
True
Is 16352285 a prime number?
False
Is 1167666377 a composite number?
False
Is 3581579 composite?
False
Is 9553819 prime?
False
Is 34590571 a composite 